ulate o(-22).
-109
Let b(p) = -57*p + 3458. Give b(89).
-1615
Let p(s) = -s**3 + 8*s**2 + 178*s - 1327. Determine p(14).
-11
Let y(t) = 6416*t + 1244682. What is y(-194)?
-22
Let b(i) = -370*i**2 - 7406*i - 84. Determine b(-20).
36
Let f(v) = 117551*v - 470203. Calculate f(4).
1
Let b(t) = -141491*t - 1697866. Determine b(-12).
26
Let r(t) = -11780*t + 129774. Calculate r(11).
194
Let f(h) = -7969*h - 1753206. Calculate f(-220).
-26
Let w(t) = -t**3 + 11*t**2 + 155*t - 203. Determine w(18).
319
Let c(l) = 2*l**3 + 111*l**2 + 609*l + 30468. What is c(-55)?
-2
Let q(k) = -5*k**2 - 298*k + 4792. Give q(15).
-803
Let s(d) = 7138*d + 5167922. Determine s(-724).
10
Let j(t) = t**3 + 131*t**2 + 257*t - 273. What is j(-129)?
-144
Let z(p) = -389157*p + 19457835. Calculate z(50).
-15
Let i(r) = r**3 + 13*r**2 + 32*r - 29. Give i(-8).
35
Let g(o) = -2006*o + 232690. Give g(116).
-6
Let t(b) = 135*b**2 + 1620*b + 1513. Give t(-11).
28
Let j(v) = -67*v**3 - 402*v**2 - 199*v - 1195. What is j(-6)?
-1
Let y(s) = s**2 + 3564*s + 116640. What is y(-33)?
117
Let v(a) = -8*a**2 + 30*a - 537. Determine v(13).
-1499
Let d(r) = -r**3 + 1976*r**2 + 8336*r + 1650. Calculate d(-4).
-14
Let d(m) = -11*m**2 + 488*m - 474. Give d(45).
-789
Let a(u) = -u**2 - 452*u - 19065. Give a(-47).
-30
Let t(y) = -1100*y - 173796. Calculate t(-158).
4
Let m(x) = 5*x**2 + 117*x + 693. Calculate m(-10).
23
Let c(f) = 46*f**2 + 5169*f + 7008. Determine c(-111).
15
Let h(z) = 608*z**2 + 3048*z - 8. Calculate h(-5).
-48
Let q(g) = -405*g - 14177. What is q(-35)?
-2
Let g(n) = -21*n**2 - 1180*n - 3000. Determine g(-47).
6071
Let b(v) = -2*v**2 - 35*v + 6152. Calculate b(49).
-365
Let d(r) = -r**3 + 274*r**2 + 1129*r - 1336. Give d(-5).
-6
Let t(j) = -j**3 + 190*j**2 - 2430*j + 349505. What is t(187)?
2
Let a(o) = 3*o**3 + 33*o**2 + 127*o + 230. What is a(-3)?
65
Let p(b) = 313*b - 1471. Determine p(6).
407
Let y(r) = r**3 + 12*r**2 + 37*r - 168. What is y(-18)?
-2778
Let q(f) = -6*f**3 - 1677*f**2 - 837*f + 12. What is q(-279)?
12
Let x(r) = -3*r**2 - 14*r + 5034. Give x(39).
-75
Let y(z) = 10*z**2 + 2104*z + 4989. What is y(-208)?
-3
Let a(j) = -539*j**2 - 10784*j - 63. What is a(-20)?
17
Let f(c) = -c**3 - 321*c**2 - 7111*c + 420. What is f(-24)?
12
Let n(f) = -1317*f + 24418. Determine n(19).
-605
Let q(o) = -64*o**3 + 1087*o**2 + 4*o + 91. Determine q(17).
-130
Let o(m) = 77*m - 6308. Give o(82).
6
Let h(k) = 53229*k + 532294. Give h(-10).
4
Let l(n) = -1237*n + 221416. Give l(179).
-7
Let l(g) = -4256*g + 3301. Give l(1).
-955
Let y(z) = -2*z**3 - z**2 + 15*z - 17. What is y(0)?
-17
Let a(n) = 126*n**3 - 760*n**2 - 10*n + 26. Give a(6).
-178
Let s(n) = 1666*n + 14462. Determine s(-7).
2800
Let p(r) = r**3 + 25*r**2 + 135*r + 792. Determine p(-18).
630
Let r(l) = -73*l**2 + 838*l + 8558. Calculate r(18).
-10
Let j(m) = 2044*m + 5817. Determine j(-3).
-315
Let l(u) = -3*u**2 - 197*u - 846. Calculate l(-61).
8
Let h(m) = -m**2 - 4360*m - 1202950. Calculate h(-296).
-6
Let n(z) = -z**3 + 116*z**2 - 1153*z - 31. What is n(105)?
179
Let a(l) = -l**3 + 186*l**2 - 42*l + 11972. Give a(186).
4160
Let x(u) = 66*u**2 + 706*u - 2800. Calculate x(4).
1080
Let l(w) = 58*w**2 - 54*w + 375. Calculate l(6).
2139
Let k(u) = 8*u**2 + 288*u + 1779. What is k(-8)?
-13
Let r(b) = 491923*b + 2951469. Give r(-6).
-69
Let b(u) = 68633*u + 137719. Determine b(-2).
453
Let z(p) = -3*p**2 - 347*p - 9933. Determine z(-59).
97
Let o(j) = 1732*j - 56912. What is o(38)?
8904
Let t(g) = -5*g**2 - 47*g + 169. What is t(-30)?
-2921
Let z(w) = 3*w**3 + 30*w**2 + 83*w + 28. What is z(-6)?
-38
Let u(i) = -795*i + 40460. Give u(51).
-85
Let h(i) = -6*i**2 + 1688*i - 7146. Give h(277).
56
Let m(c) = 6*c**2 + 731*c - 28424. Determine m(31).
3
Let x(n) = -1707*n + 965. Give x(1).
-742
Let u(j) = 224*j + 7282. Determine u(-35).
-558
Let c(w) = -921*w + 56347. Calculate c(61).
166
Let s(q) = -q**3 - 190*q**2 + 1155*q + 254028. Calculate s(-189).
12
Let l(g) = -g**2 - 83*g - 1255. What is l(-20)?
5
Let o(c) = c**3 + 16*c**2 + 4*c - 376. Determine o(-7).
37
Let w(f) = 2071*f**2 - 6058*f + 9. Give w(3).
474
Let p(j) = 1010*j - 27242. Determine p(24).
-3002
Let u(c) = c**3 - 16*c**2 - 852*c + 9726. Give u(11).
-251
Let z(h) = -h**3 + 263*h**2 - 17289*h - 141. Calculate z(133).
-8
Let q(s) = -s**3 - 36*s**2 - 266*s + 1384. Determine q(-18).
340
Let d(j) = -2*j**3 - 8*j**2 - j + 15. Determine d(-4).
19
Let p(w) = 1046447*w - 12557356. Give p(12).
8
Let u(b) = -2*b**3 + 178*b**2 - 44*b + 4028. Give u(89).
112
Let g(b) = -11769*b**2 + 23524*b + 20. Calculate g(2).
-8
Let y(i) = -4*i**2 + 78*i - 513. What is y(18)?
-405
Let i(s) = -4161*s + 245087. Calculate i(59).
-412
Let t(s) = 167331*s + 11211166. Give t(-67).
-11
Let f(y) = 245*y - 19907. Calculate f(81).
-62
Let b(g) = 6*g**2 + 651*g - 597. Determine b(-111).
1068
Let m(o) = 25*o**2 - 12*o - 191. Calculate m(0).
-191
Let p(n) = -3737*n + 381036. Determine p(102).
-138
Let u(k) = 5*k**2 - 37*k - 1710. Calculate u(28).
1174
Let j(x) = 3*x**3 - 16*x**2 - 230*x + 1302. Give j(6).
-6
Let b(m) = 8*m**2 - 5218*m + 6507. Calculate b(651).
-3
Let k(z) = -z**3 - 22*z**2 + 639*z + 14334. Give k(-23).
166
Let h(p) = 2*p**3 - 316*p**2 + 1042*p - 65213. Calculate h(156).
-5
Let b(o) = o**3 - 50*o**2 + 404*o - 111. Give b(40).
49
Let t(x) = -3*x**3 + 146*x**2 + 177*x - 6261. Give t(49).
11
Let c(j) = -212*j**2 - 4666*j + 24. Calculate c(-22).
68
Let v(f) = 18*f**3 - 1153*f**2 + 65*f + 48. Give v(64).
112
Let k(w) = -2*w**3 + 165*w**2 - 2840*w - 148. Give k(58).
-32
Let k(v) = -10*v**2 - 127*v - 1652. What is k(-11)?
-1465
Let z(s) = s**2 + 9*s - 1303. Calculate z(-40).
-63
Let x(f) = -f**3 + 292*f**2 - 860*f - 1683. Calculate x(289).
340
Let g(k) = 3356*k - 15963. What is g(5)?
817
Let u(t) = -1059*t**2 - 445*t - 887. Give u(-2).
-4233
Let z(k) = -29*k**2 - 560*k + 2759. Determine z(5).
-766
Let t(z) = z**3 - 35*z**2 + 203*z - 34. Calculate t(29).
807
Let t(p) = -575*p**3 + 3596*p**2 + 3001*p + 10. Calculate t(7).
-4
Let r(t) = -441*t + 12434. Determine r(29).
-355
Let a(h) = h**2 + 153*h - 2725. Determine a(18).
353
Let a(w) = -w**2 - 26051*w + 130284. Determine a(5).
4
Let t(r) = 16*r + 4743. What is t(-297)?
-9
Let s(v) = -10*v**2 - 4982*v + 24885. Calculate s(5).
-275
Let a(u) = 2810*u + 22097. Determine a(-8).
-383
Let j(z) = 10*z**2 + 1046*z + 15. Determine j(-104).
-609
Let s(g) = -14*g**2 - 239*g - 999. Determine s(-11).
-64
Let a(q) = -q**3 - 303*q**2 - 619*q - 4978. What is a(-301)?
139
Let x(l) = -l**2 - 135*l + 2583. What is x(17)?
-1
Let k(v) = -24*v**2 + 576*v + 2. Calculate k(24).
2
Let u(t) = 22*t**2 - 230*t - 1149. Determine u(-5).
551
Let i(o) = 1287*o + 141. What is i(4)?
5289
Let o(l) = -11*l**3 + 70*l**2 + 118*l + 18. Calculate o(8).
-190
Let r(g) = -223*g**2 - 10931*g - 203. Determine r(-49).
-7
Let v(b) = 12906*b + 322605. What is v(-25)?
-45
Let f(s) = -264*s + 5274. Calculate f(25).
-1326
Let i(k) = -1005*k + 14467. Give i(11).
3412
Let p(b) = -2286*b + 73180. Calculate p(32).
28
Let n(x) = x**3 + 32*x**2 - 206*x - 1688. Give n(-5).
17
Let l(m) = 2*m**3 - 591*m**2 - 864*m - 8025. Give l(297).
-6
Let j(c) = 678*c + 9478. Determine j(-16).
-1370
Let o(i) = -2926*i + 117080. What is o(40)?
40
Let x(u) = -17827*u - 71927. What is x(-4)?
-619
Let r(v) = -95927*v - 959275. Give r(-10).
-5
Let x(m) = m**2 - 107*m - 1178. What is x(-13)?
382
Let h(k) = 11*k**2 - 517*k + 6101. Give h(22).
51
Let b(j) = 1805*j - 85713. What is b(46)?
-2683
Let m(o) = -5817*o - 1896330. Calculate m(-326).
12
Let j(v) = -6*v**2 + 172*v + 302. Determine j(35).
-1028
Let c(x) = 9*x**3 - 6262*x**2 - 18851*x + 37. Determine c(-3).
-11
Let s(i) = 2*i**3 - 38*i**2 - 943*i + 1148. Calculate s(-15).
-7
Let v(f) = -f**3 + 140*f**2 - 3386*f + 118283. What is v(120)?
-37
Let l(j) = 1599*j + 65808. Calculate l(-41).
249
Let k(j) = j**2 - 35931*j + 179640. What is k(5)?
10
Let p(l) = -2518*l + 589219. Calculate p(234).
7
Let m(d) = d**3 - 4*d**2 + 2248*d + 4504. Calculate m(-2).
-16
Let q(t) = 10832*t + 98776. Calculate q(-9).
1288
Let p(u) = u**2 + 288*u + 15249. Give p(-135).
-5406
Let n(r) = -2*r**2 - 1409*r - 108660. Determine n(-88).
-156
Let k(y) = -1052*y - 288213. Determine k(-274).
35
Let j(n) = 6